igit of 1087 - (2 + (92/69 - 13/3))?
0
Suppose c - 64 = 17*c. Let q be 138/c*4/6*-4. Suppose -q = -w - 3*a, 48 = w + a - 46. What is the tens digit of w?
9
Suppose 0 = -192*t + 382170 + 2732262. What is the tens digit of t?
2
Let l be -2 - -1*3 - (-30 + 35). Let z(c) = -109*c - 13. What is the tens digit of z(l)?
2
Let f(r) be the second derivative of -r**5/20 + r**4/12 + 27*r**2 - r. Let z = -760 + 760. What is the tens digit of f(z)?
5
Suppose 3*h + 2955 = 3*d - 5916, 5*h = 15. What is the hundreds digit of d?
9
Suppose x - 4*m = -5 - 11, -2*m = -4*x + 6. Suppose -7*b + 2*s = -2*b - 315, -x*s = -20. Suppose 0 = 7*l - 6*l - b. What is the units digit of l?
5
Suppose 4*v + 16 = -3*g, -12 + 16 = -4*g - v. Suppose 0 = -4*o - g*u - u + 913, o - 212 = 3*u. What is the hundreds digit of o?
2
Let y(r) = 177*r**3 - r**2 - r. Let s be y(-1). Suppose 0 = -271*u + 261*u - 2760. Let m = s - u. What is the tens digit of m?
9
Let w(g) = -414*g - 2403. What is the thousands digit of w(-43)?
5
What is the tens digit of ((-43492)/12)/(19/(-57))?
7
Let i = 26024 - 12398. What is the ten thousands digit of i?
1
Suppose -30*n + 46*n = -48. What is the tens digit of 2 + 12/n + 118*1?
1
Suppose -583 - 29937 = -8*z. Suppose 14*q - 7*q = z. What is the hundreds digit of q?
5
Let m(v) = v + 7. Let g be m(-3). Let f = 1 + g. Suppose -f*y - 35 + 140 = -3*c, -2*y = c - 42. What is the units digit of y?
1
Let b = 12 + -19. Let s be 2/(-7) - ((-271)/b + 1). What is the units digit of (s/(-25))/((-1)/(-35))?
6
Let w(f) = 4035*f - 89. What is the units digit of w(1)?
6
Let z(r) = -2*r**2 + 2*r + 11. Let b be z(-4). Let u = 32 + b. What is the units digit of 4/u*(78 + 6)?
2
Suppose -22*c + 161568 = 10*c. What is the thousands digit of c?
5
Let x = 288 + -276. Suppose -x*o + 1617 = -o. What is the hundreds digit of o?
1
Suppose 12*x = 11*x + 377. Let o = x + -12. What is the hundreds digit of o?
3
Let v = 16 - -6. Let f be v + -2 + 0 - -3. Suppose 2*x - 17 = m - 3*x, -5*m - 2*x + f = 0. What is the units digit of m?
3
Let r(y) be the first derivative of -3*y**2/2 + 14*y + 32. Let g be r(-11). Let w = g - -77. What is the hundreds digit of w?
1
Suppose 0 = -13*w + 8*w - 10, -r + 4*w = -8423. What is the thousands digit of r?
8
Suppose 25*r - 7493 = 55457. Let n = r + -1498. What is the hundreds digit of n?
0
Let n(i) = -2*i**2 + 2*i - 2. Let s be n(-2). Let q be (-8)/12 - s/(-6). What is the units digit of -46*(-3 + q - -4)?
2
Let p = 12893 - 6078. What is the units digit of p?
5
Suppose 0 = -3*v - 4*b - 0*b - 626, 5*v + 1026 = 2*b. What is the hundreds digit of 2*(-3 + 10/4)*v?
2
Let y be ((-48)/(-20))/(2/60). Let w = -38 + y. Let x = 48 - w. What is the units digit of x?
4
Let f(y) = -2*y**2 + 1. Let t be f(-3). Let x(n) = 3 - 10*n + 1 - 3 + 15. What is the hundreds digit of x(t)?
1
Suppose -69 = -7*p - 48. Suppose 0 = -2*i + 5*b + 766, -p*i - 2*b - 385 = -4*i. What is the hundreds digit of i?
3
Let r(m) = 4*m**2 - 112*m + 31. Let p be r(35). Let u = 1642 - p. What is the units digit of u?
1
Suppose -11*i + 276 = -285. What is the units digit of 46 - i - (-656 - -1)?
0
Let l(h) be the second derivative of h**4/12 - 5*h**3/6 + 27*h**2/2 + 132*h. Let m be 2 - (-4)/(16/20). What is the tens digit of l(m)?
4
What is the thousands digit of ((-2)/(-3)*3)/(-9) + (-65285314)/(-1854)?
5
What is the tens digit of (-432)/48 + 23523/3?
3
Let n(o) = 4*o**2 + 16*o. Suppose -5 = 2*j - 5*p + 33, 0 = 4*j + p + 32. Let x be n(j). Let z = x - 86. What is the tens digit of z?
9
Let k(a) = -a**3 + 3*a**2 + 5*a - 1. Let x be k(4). Let y be (8 - x)*(-3)/(-3). Suppose 111 = y*m + 31. What is the units digit of m?
6
Let h(b) = b**2 + 21*b + 2. Let v be h(0). Suppose -v*m + 579 + 1657 = 0. What is the tens digit of m?
1
Let k be (-95)/380 + 21/4. Suppose k*u - 2*y - 2289 = 0, 909 = 2*u - 7*y + 4*y. What is the tens digit of u?
5
Let h = -4796 - -24716. What is the hundreds digit of h?
9
Let s be 5 - (-8 + -1)*53. Suppose -2 - s = -22*g. What is the units digit of g?
2
Let t = 513 - -662. Suppose 0 = -4*g + 509 + t. What is the tens digit of g?
2
Suppose c = 3*c + 2*p - 10, 2*c + 5 = 3*p. Suppose -c*q + 3*v = -6, 2*v = 4*q + 7*v - 34. Suppose 2*x + 3*b = 2*b + 231, 2*b = q. What is the tens digit of x?
1
Let z(h) = -10*h**3 - 63*h**2 - 21*h - 109. What is the hundreds digit of z(-14)?
2
Suppose 5*o + 4*g = 10, 5*o - 2 = 4*o + g. Suppose 15*s - 2*l = 12*s + 898, -4*s + o*l = -1198. What is the units digit of s?
0
Suppose 7*b - 13 - 8 = 0. Let i be (b/2)/(8/(4128/9)). Suppose 0 = r, 0 = 2*u - 2*r + r - i. What is the units digit of u?
3
What is the tens digit of (-9)/36 - 294237/(-20) - 8/(-20)?
1
Let f = 58606 - 19070. What is the ten thousands digit of f?
3
What is the hundreds digit of (-17650)/(-30)*(17 + -11)?
5
Let p(d) = d**3 + 46*d**2 + 36*d + 23. What is the hundreds digit of p(-12)?
4
Let t = -12 + 14. Suppose q + q = -4, -3*b - q = 14. What is the units digit of -30*t/b*6?
0
Suppose 0 = -162*b + 25*b - 10*b + 6147393. What is the ten thousands digit of b?
4
Let u = 27 - 54. Let a = u + 31. What is the hundreds digit of (3370/a)/5 - (-5)/10?
1
Let f(b) = 5*b**3 - 15*b + 11. Let c(u) = -19*u**3 + 61*u - 41. Let o(j) = 2*c(j) + 9*f(j). What is the hundreds digit of o(5)?
8
Suppose 0 = 4*f + 3*s - 9309, 3*s = 2*f - 3685 - 974. What is the tens digit of f?
2
Let y(v) = v**3 + 9*v**2 + 4*v + 6. Let j(n) = n - 2. Let m be j(7). Suppose 3*c - 31 = m*r, 0 = 2*r - 4*c - 2 + 6. What is the tens digit of y(r)?
3
Suppose 17*a - 1639 = 6*a. Let y = a - 140. What is the units digit of y?
9
Let y be (1 + 2/3)*1368/190. What is the units digit of (-55)/(y/8*(-3)/18)?
0
Suppose 212516 = 4*m + 7722*w - 7720*w, 0 = m - 4*w - 53147. What is the hundreds digit of m?
1
Let n(j) = -27*j**2 - 870*j - 62. What is the tens digit of n(-23)?
6
Let q = -2558 + 4994. Suppose 0 = -24*h + 28*h - q. What is the units digit of h?
9
Let i = 3062 - 2834. What is the hundreds digit of i?
2
Suppose 2233 = -4*k + 3*t + 7561, -2*k - 2*t + 2664 = 0. Suppose 27*w - k + 387 = 0. What is the tens digit of w?
3
Let s = -15 - -20. Suppose -6*k + 2 + 52 = 0. What is the tens digit of (s/(15/(-14)))/((-3)/k)?
1
Let o be (-327)/5*(-47 + 56/(-7)). Suppose o = 32*j - 21*j. What is the units digit of j?
7
Suppose -2*o - x = -2393, -3*o + 3659 = -x + 87. What is the hundreds digit of o?
1
Suppose 2*q - 3*o - 686 = 611, -5*q - 3*o + 3295 = 0. Suppose -172 = -12*x + q. What is the units digit of x?
9
Suppose 3*v - y - 25 = 0, -4*v = -4*y + 12 - 40. What is the hundreds digit of 11570/25 + v/45?
4
Let f = 30245 + -14338. What is the hundreds digit of f?
9
Suppose 5*v = x + 3*v - 467, x - 467 = v. Let d = -122 + x. What is the units digit of d?
5
Suppose -2*g + 48240 = -3*z, -5*g = -25*z + 24*z - 120574. What is the units digit of g?
4
Suppose 354*v = 336*v + 6930. What is the units digit of v?
5
Let j(d) = d**2 + 15*d + 15. Suppose -3*i = -2*g - 15, -i = -g - 3*g - 25. Let u be j(g). What is the tens digit of -1 - (11*1)/(3/u)?
4
Let y = -543 + 254. Let b = 520 + y. What is the units digit of b?
1
Let x(s) be the first derivative of 8*s**3/3 - 3*s**2/2 - 13*s + 112. What is the hundreds digit of x(5)?
1
Let o be 8 + ((-1 - -2) + 1 - 1). Let a be (-4 - (-30)/o) + 782/(-6). Let r = 242 + a. What is the tens digit of r?
1
Let t(s) = s**3 + 5*s**2 + 5*s - 2. Let o be t(-2). Suppose -6*u + 3*u + 12 = o. Suppose 0 = 8*r - u*r - 280. What is the tens digit of r?
7
Suppose 4*l - 3*z = 523, z = 4*l - 0*z - 521. Let m = l + 141. What is the tens digit of m?
7
Let q(i) = -139*i - 164. Let c be q(-7). Suppose -f + c = 2*v - 538, -5*f = -4*v - 6805. What is the thousands digit of f?
1
Let z be 4/48*18 + 9645/2. Suppose 66*k = 57*k + z. What is the units digit of k?
6
Let i = 36714 + -2132. What is the units digit of i?
2
Let y(v) = -2*v - 12. Let t be y(-10). Let f be -3*t/3 + 4. What is the tens digit of (f - -147) + 3 + -4?
4
Let q be -2 - (0/2 - (1 - -5)). Let l(d) = 6*d**3 - 4*d**2 - 4*d + 7. Let z be l(q). Suppose 2*f - 2*u - 131 = 79, u = -3*f + z. What is the tens digit of f?
0
Suppose -2*r - 814 - 1413 = -v, 1 = -r. What is the tens digit of v?
2
Let b = -69 - -46. Let o = b + -53. Let d = 68 - o. What is the hundreds digit of d?
1
What is the unit